{"id":75,"date":"2016-10-02T17:01:40","date_gmt":"2016-10-02T17:01:40","guid":{"rendered":"http:\/\/czs.uniri.hr\/?page_id=75"},"modified":"2018-04-19T19:02:39","modified_gmt":"2018-04-19T19:02:39","slug":"ciljevi","status":"publish","type":"page","link":"https:\/\/czs.uniri.hr\/?page_id=75","title":{"rendered":"Ciljevi"},"content":{"rendered":"<p><strong>Ciljevi djelovanja Centra jesu:\u00a0<\/strong><\/p>\n<ol>\n<li>Pospje\u0161ivanje informiranosti, povezanosti i suradnje me\u0111u znanstvenicima\/cama na Fakultetu \u010diji se znanstveni rad temelji na ili se doti\u010de feministi\u010dke i rodne te teorije seksualnosti i spolnih\/rodnih identiteta, bez obzira na ishodi\u0161nu znanstvenu perspektivu, odnosno disciplinu ili polja znanja.<\/li>\n<li>Pospje\u0161ivanje multi-i interdisciplinarnog pristupa istra\u017eivanju na Fakultetu, ja\u010danje me\u0111uodsje\u010dne suradnje,kao i suradnje izme\u0111u razli\u010ditih sastavnica Sveu\u010dili\u0161ta<\/li>\n<li>Povezivanje \u010dlanova Centra s doma\u0107im i me\u0111unarodnim\u00a0znanstvenicima\/cama i umjetnicima\/cama te razvijanje suradnje s vanjskim institucijama u cilju prijave zajedni\u010dkih projekata, te unapre\u0111ivanje znanstvenog i stru\u010dnog rada na Fakultetu<\/li>\n<li>Omogu\u0107avanje zajedni\u010dkog predstavljanja i promoviranja znanstvenog i stru\u010dnog rada na temu feministi\u010dke i rodne teorije seksualnosti i spolnih\/rodnih identiteta, ostvarenog od strane znanstvenika Fakulteta s ciljem pove\u0107anja vidljivosti, vrednovanja i diseminacije tog rada u doma\u0107oj i me\u0111unarodnoj akademskoj javnosti<\/li>\n<li>Pokretnaje\u00a0multi-i interdisciplinarnog <em>onilne<\/em> \u010dasopisa; pokretanje izdava\u010dke djelatnosti usmjerene na prevo\u0111enje relevantnih, a dosad u prijevodu nedostupnih stranih autora\/ica, te izdavanje autorskih monografija i uredni\u010dkih knjiga doma\u0107ih istra\u017eiva\u010da\/ica<\/li>\n<li>Omogu\u0107avanje pokretanja kolegija i\/ili sastavljanja obrazovnih programa na preddiplomskoj, diplomskoj i\/ili poslijediplomskoj razini studija<\/li>\n<\/ol>\n","protected":false},"excerpt":{"rendered":"<p>Ciljevi djelovanja Centra jesu:\u00a0 Pospje\u0161ivanje informiranosti, povezanosti i suradnje me\u0111u znanstvenicima\/cama na Fakultetu \u010diji se znanstveni rad temelji na ili se doti\u010de feministi\u010dke i rodne te teorije seksualnosti i spolnih\/rodnih identiteta, bez obzira na ishodi\u0161nu znanstvenu perspektivu, odnosno disciplinu ili&#8230; <a class=\"more-link\" href=\"https:\/\/czs.uniri.hr\/?page_id=75\">Nastavi \u010ditati &rarr;<\/a><\/p>\n","protected":false},"author":2,"featured_media":0,"parent":2,"menu_order":0,"comment_status":"closed","ping_status":"closed","template":"template-nosidebar.php","meta":[],"_links":{"self":[{"href":"https:\/\/czs.uniri.hr\/index.php?rest_route=\/wp\/v2\/pages\/75"}],"collection":[{"href":"https:\/\/czs.uniri.hr\/index.php?rest_route=\/wp\/v2\/pages"}],"about":[{"href":"https:\/\/czs.uniri.hr\/index.php?rest_route=\/wp\/v2\/types\/page"}],"author":[{"embeddable":true,"href":"https:\/\/czs.uniri.hr\/index.php?rest_route=\/wp\/v2\/users\/2"}],"replies":[{"embeddable":true,"href":"https:\/\/czs.uniri.hr\/index.php?rest_route=%2Fwp%2Fv2%2Fcomments&post=75"}],"version-history":[{"count":2,"href":"https:\/\/czs.uniri.hr\/index.php?rest_route=\/wp\/v2\/pages\/75\/revisions"}],"predecessor-version":[{"id":123,"href":"https:\/\/czs.uniri.hr\/index.php?rest_route=\/wp\/v2\/pages\/75\/revisions\/123"}],"up":[{"embeddable":true,"href":"https:\/\/czs.uniri.hr\/index.php?rest_route=\/wp\/v2\/pages\/2"}],"wp:attachment":[{"href":"https:\/\/czs.uniri.hr\/index.php?rest_route=%2Fwp%2Fv2%2Fmedia&parent=75"}],"curies":[{"name":"wp","href":"https:\/\/api.w.org\/{rel}","templated":true}]}}