{"id":63,"date":"2016-10-02T14:58:05","date_gmt":"2016-10-02T14:58:05","guid":{"rendered":"http:\/\/czs.uniri.hr\/?page_id=63"},"modified":"2024-05-17T12:32:19","modified_gmt":"2024-05-17T12:32:19","slug":"citanka","status":"publish","type":"page","link":"https:\/\/czs.uniri.hr\/?page_id=63","title":{"rendered":"\u010citanka"},"content":{"rendered":"\n<figure class=\"wp-block-image size-full is-resized\"><a href=\"https:\/\/czs.uniri.hr\/wp-content\/uploads\/2024\/05\/uvod_u_studije_roda_compressed.pdf\"><img loading=\"lazy\" src=\"https:\/\/czs.uniri.hr\/wp-content\/uploads\/2024\/05\/Screenshot-2024-05-17-at-14.28.36.png\" alt=\"\" class=\"wp-image-2967\" width=\"597\" height=\"845\" srcset=\"https:\/\/czs.uniri.hr\/wp-content\/uploads\/2024\/05\/Screenshot-2024-05-17-at-14.28.36.png 358w, https:\/\/czs.uniri.hr\/wp-content\/uploads\/2024\/05\/Screenshot-2024-05-17-at-14.28.36-339x480.png 339w\" sizes=\"(max-width: 597px) 100vw, 597px\" \/><\/a><\/figure>\n\n\n\n<p><\/p>\n\n\n\n<p>Ud\u017ebenik je nastao u okviru projekta \u00abHumano obrazovanje &#8211; odgovorno dru\u0161tvo\u00bb kojeg provodi Lezbijska organizacija Rijeka \u00abLORJ\u00bb i partnerske organizacije: Centar za \u017eenske studije pri Filozofskom fakultetu u Rijeci, Udruga za ljudska prava i gra\u0111ansku participaciju PaRiter i SOS Rijeka &#8211; centar za nenasilje i ljudska prava. Vi\u0161e informacija o fondovima EU: www.strukturnifondovi.hr.<\/p>\n\n\n\n<p>Urednice: Sanja Bojani\u0107, Brigita Milo\u0161<\/p>\n\n\n\n<p>Izdava\u010d: Filozofski fakultet Sveu\u010dili\u0161ta u Rijeci, 2019.<\/p>\n","protected":false},"excerpt":{"rendered":"<p>Ud\u017ebenik je nastao u okviru projekta \u00abHumano obrazovanje &#8211; odgovorno dru\u0161tvo\u00bb kojeg provodi Lezbijska organizacija Rijeka \u00abLORJ\u00bb i partnerske organizacije: Centar za \u017eenske studije pri Filozofskom fakultetu u Rijeci, Udruga za ljudska prava i gra\u0111ansku participaciju PaRiter i SOS Rijeka&#8230; <a class=\"more-link\" href=\"https:\/\/czs.uniri.hr\/?page_id=63\">Nastavi \u010ditati &rarr;<\/a><\/p>\n","protected":false},"author":2,"featured_media":0,"parent":0,"menu_order":0,"comment_status":"closed","ping_status":"closed","template":"","meta":[],"_links":{"self":[{"href":"https:\/\/czs.uniri.hr\/index.php?rest_route=\/wp\/v2\/pages\/63"}],"collection":[{"href":"https:\/\/czs.uniri.hr\/index.php?rest_route=\/wp\/v2\/pages"}],"about":[{"href":"https:\/\/czs.uniri.hr\/index.php?rest_route=\/wp\/v2\/types\/page"}],"author":[{"embeddable":true,"href":"https:\/\/czs.uniri.hr\/index.php?rest_route=\/wp\/v2\/users\/2"}],"replies":[{"embeddable":true,"href":"https:\/\/czs.uniri.hr\/index.php?rest_route=%2Fwp%2Fv2%2Fcomments&post=63"}],"version-history":[{"count":5,"href":"https:\/\/czs.uniri.hr\/index.php?rest_route=\/wp\/v2\/pages\/63\/revisions"}],"predecessor-version":[{"id":2971,"href":"https:\/\/czs.uniri.hr\/index.php?rest_route=\/wp\/v2\/pages\/63\/revisions\/2971"}],"wp:attachment":[{"href":"https:\/\/czs.uniri.hr\/index.php?rest_route=%2Fwp%2Fv2%2Fmedia&parent=63"}],"curies":[{"name":"wp","href":"https:\/\/api.w.org\/{rel}","templated":true}]}}