{"id":2918,"date":"2024-05-15T14:06:47","date_gmt":"2024-05-15T14:06:47","guid":{"rendered":"https:\/\/czs.uniri.hr\/?page_id=2918"},"modified":"2026-03-11T17:10:19","modified_gmt":"2026-03-11T17:10:19","slug":"clanice","status":"publish","type":"page","link":"https:\/\/czs.uniri.hr\/?page_id=2918","title":{"rendered":"\u010clanice i suradnice"},"content":{"rendered":"\n<h1>\u010clanice<\/h1>\n\n\n\n<h2>Jelena Androi\u0107<\/h2>\n\n\n\n<figure class=\"wp-block-image size-large is-resized\"><img loading=\"lazy\" src=\"https:\/\/czs.uniri.hr\/wp-content\/uploads\/2025\/04\/20250430_141801-674x1024.jpg\" alt=\"\" class=\"wp-image-3269\" width=\"430\" height=\"653\" srcset=\"https:\/\/czs.uniri.hr\/wp-content\/uploads\/2025\/04\/20250430_141801-674x1024.jpg 674w, https:\/\/czs.uniri.hr\/wp-content\/uploads\/2025\/04\/20250430_141801-316x480.jpg 316w, https:\/\/czs.uniri.hr\/wp-content\/uploads\/2025\/04\/20250430_141801-768x1166.jpg 768w, https:\/\/czs.uniri.hr\/wp-content\/uploads\/2025\/04\/20250430_141801-1012x1536.jpg 1012w, https:\/\/czs.uniri.hr\/wp-content\/uploads\/2025\/04\/20250430_141801-1349x2048.jpg 1349w, https:\/\/czs.uniri.hr\/wp-content\/uploads\/2025\/04\/20250430_141801-600x911.jpg 600w, https:\/\/czs.uniri.hr\/wp-content\/uploads\/2025\/04\/20250430_141801-945x1435.jpg 945w, https:\/\/czs.uniri.hr\/wp-content\/uploads\/2025\/04\/20250430_141801.jpg 1466w\" sizes=\"(max-width: 430px) 100vw, 430px\" \/><\/figure>\n\n\n\n<p>(1981), diplomirana novinarka i sveu\u010dili\u0161na specijalistkinja Europskih studija, dugogodi\u0161nja je radnica u kulturi (javni, privatni i civilni sektor) na poslovima promocije, produkcije i organizacije. Tijekom 20-godi\u0161nje karijere, radila je kao novinarka, urednica \u010dasopisa i publikacija, istra\u017eiva\u010dica kulturnih politika i autorica stru\u010dnih \u010dlanaka. <\/p>\n\n\n\n<h2>Sanja Bojani\u0107&nbsp;&nbsp;<\/h2>\n\n\n\n<figure class=\"wp-block-image size-full is-resized\"><img loading=\"lazy\" src=\"https:\/\/czs.uniri.hr\/wp-content\/uploads\/2024\/05\/Sanja-Bojanic\u0301.jpeg\" alt=\"\" class=\"wp-image-2946\" width=\"488\" height=\"488\"\/><\/figure>\n\n\n\n<p>(Pula, 1964) izvr\u0161na je direktorica Centra za napredne studije Jugoisto\u010dne europe Sveu\u010dili\u0161ta u Rijeci te prodekanica za me\u0111unarodnu suradnju Akademije primijenjenih umjetnosti Rijeka. Diplomirala je 1993. godine na studiju Filozofije, Filozofskog fakulteta, Sveu\u010dili\u0161ta u Beogradu. Na sveu\u010dili\u0161tu Paris 8 (Vincennes-St Denis) je diplomirala na odjelu za Znanosti dokumentacije i informacije 2002. diplomskim radom <em>Semiotique de l&#8217; image sur internet <\/em>(Semiotika slike na internetu). Magistrica filozofije je postala 2000. godine na \u00c9tudes f\u00e9minines istog sveu\u010dili\u0161ta s radom Angst &#8211; <em>\u00c9crire la sc\u00e9ne primitive <\/em>(Tjeskoba \u2013 ispisivanje primitivnog prizora) ispred povjerenstva; profesorica H\u00e9l\u00e8ne Cixous, Mirelle Calle-Gruber i B\u00e9atrice Didier. Zvanje magistrice hypermedija (multimedijske realizacije i elektroni\u010dkog nakladni\u0161tva) stekla je 2004. godine na odjelu Hypermedija sveu\u010dili\u0161ta Paris 8. Stupanj doktora znanosti Sveu\u010dili\u0161ta Paris 8 (Pariz, Francuska), a u okviru doktorske \u0161kole Sciences sociales, Pratique et th\u00e9ories du sens, stekla je 2009. godine sa doktorskom disertacijom <em>Histories de trahison <\/em>(Povijesti izdaja) ispred povjerenstva profesora, H\u00e9l\u00e8ne Cixous, Fr\u00e9d\u00e9ric Regard, Anne-Emmanuelle Berger i Marta Segarra. Sudjelovala je u osnivanju Centra za \u017eenske studije pri Filozofskom fakultetu u Rijeci.<\/p>\n\n\n\n<p><\/p>\n\n\n\n<h2>Iva Davorija<\/h2>\n\n\n\n<figure class=\"wp-block-image size-large is-resized\"><img loading=\"lazy\" src=\"https:\/\/czs.uniri.hr\/wp-content\/uploads\/2025\/04\/Profilna-1024x1024.jpg\" alt=\"\" class=\"wp-image-3267\" width=\"512\" height=\"512\" srcset=\"https:\/\/czs.uniri.hr\/wp-content\/uploads\/2025\/04\/Profilna-1024x1024.jpg 1024w, https:\/\/czs.uniri.hr\/wp-content\/uploads\/2025\/04\/Profilna-480x480.jpg 480w, https:\/\/czs.uniri.hr\/wp-content\/uploads\/2025\/04\/Profilna-768x768.jpg 768w, https:\/\/czs.uniri.hr\/wp-content\/uploads\/2025\/04\/Profilna-1536x1536.jpg 1536w, https:\/\/czs.uniri.hr\/wp-content\/uploads\/2025\/04\/Profilna-600x600.jpg 600w, https:\/\/czs.uniri.hr\/wp-content\/uploads\/2025\/04\/Profilna-945x945.jpg 945w, https:\/\/czs.uniri.hr\/wp-content\/uploads\/2025\/04\/Profilna.jpg 1800w\" sizes=\"(max-width: 512px) 100vw, 512px\" \/><\/figure>\n\n\n\n<p>(1990) diplomirana povjesni\u010darka i pedagoginja, doktorandica na studiju Filozofija i suvremenost na Odsjeku za filozofiju Filozofskog fakulteta u Rijeci. Istra\u017euje teme iz podru\u010dja rodnih studija kroz prizmu politi\u010dke filozofije i epistemologije. Velik dio radnog sta\u017ea provela u civilnom sektoru bave\u0107i se problematikom rodne neravnopravnosti i za\u0161tite ljudskih prava. Vodila kolegije na Filozofskom i U\u010diteljskom fakultetu na teme ljudskih prava i aktivnog gra\u0111anstva. Jedna od pokreta\u010dica rodnostudijskog kolegija <em>Rod, seksualnost, identiteti \u2013 od opresije do ravnopravnosti <\/em>te jedna od autorica ud\u017ebenika za spomenuti kolegij, <em>Uvod u studije roda \u2013 od teorije do anga\u017emana<\/em>.<\/p>\n\n\n\n<h2>Dubravka Dulibi\u0107-Paljar<\/h2>\n\n\n\n<figure class=\"wp-block-image size-full is-resized\"><img loading=\"lazy\" src=\"https:\/\/czs.uniri.hr\/wp-content\/uploads\/2024\/05\/Dubravka-bio-175x480-1.jpeg\" alt=\"\" class=\"wp-image-2938\" width=\"492\" height=\"492\"\/><\/figure>\n\n\n\n<p>u u\u017eem podru\u010dju znanstvena zanimanja ima povijest knji\u017eevnosti, knji\u017eevnu antropologiju i feministi\u010dku knji\u017eevnu kritiku. Osobito se rado bavi prou\u010davanjem spola, roda i seksualnosti u knji\u017eevnosti starijih i najstarijih razdoblja, a naro\u010dito fenomenom djevi\u010danstva i njegovim razli\u010ditim religijskim i sekularnim konceptualizacijama.<\/p>\n\n\n\n<p><\/p>\n\n\n\n<h2>Valeria Graziano<\/h2>\n\n\n\n<figure class=\"wp-block-image size-large is-resized\"><img loading=\"lazy\" src=\"https:\/\/czs.uniri.hr\/wp-content\/uploads\/2025\/10\/valeria-graziano-foto-768x1024.jpg\" alt=\"\" class=\"wp-image-3347\" width=\"502\" height=\"669\" srcset=\"https:\/\/czs.uniri.hr\/wp-content\/uploads\/2025\/10\/valeria-graziano-foto-768x1024.jpg 768w, https:\/\/czs.uniri.hr\/wp-content\/uploads\/2025\/10\/valeria-graziano-foto-360x480.jpg 360w, https:\/\/czs.uniri.hr\/wp-content\/uploads\/2025\/10\/valeria-graziano-foto-600x800.jpg 600w, https:\/\/czs.uniri.hr\/wp-content\/uploads\/2025\/10\/valeria-graziano-foto-945x1260.jpg 945w, https:\/\/czs.uniri.hr\/wp-content\/uploads\/2025\/10\/valeria-graziano-foto.jpg 960w\" sizes=\"(max-width: 502px) 100vw, 502px\" \/><\/figure>\n\n\n\n<p>izvanredna je profesorica interdisciplinarnih dru\u0161tvenih znanosti pri Centru za napredne studije jugoisto\u010dne Europe (CAS SEE) Sveu\u010dili\u0161ta u Rijeci. Njezin rad fokusira se na radnu politiku, pravdu u skrbi, istra\u017euju\u0107i kako kolektivne prakse prijateljstva i oporavka mogu podr\u017eati alternativne oblike dru\u0161tvenog \u017eivota. Koautorica je i urednica knjige <em>Pirate Care: Insurgent Acts Against the Criminalization of Solidarity<\/em> (Pluto Press, 2025. &#8211; <a rel=\"noreferrer noopener\" href=\"https:\/\/pirate.care\/\" target=\"_blank\">https:\/\/pirate.care\/<\/a>), kolektivnog istra\u017eiva\u010dkog projekta koji dokumentira borbe i prakse koje dovode u pitanje eroziju sustava socijalne skrbi i kriminalizaciju solidarnosti, te knjige <em>Figure It Out. The Art of Living Through System Failures<\/em> (Drugo More, 2024. \u2013 <a rel=\"noreferrer noopener\" href=\"https:\/\/drugo-more.hr\/fio-zine\/\" target=\"_blank\">https:\/\/drugo-more.hr\/fio-zine\/<\/a>). Me\u0111u njezinim publikacijama su posebno izdanje <em>epair Matters (ephemera: theory &amp; politics in organization<\/em>, 2019) koje je ko-uredila, \u010dlanak <em>On Domestic Fantasies and Anti-Work Politics: A Feminist History of Complicating Automation<\/em> (Theory &amp; Event, 2021) i <em>Deciphering Harm: Naming the Issue in Italian Healthcare Struggles during the 1960s and 1970s<\/em> (Philosophy and Society, posebno izdanje, 2025). Valeria je aktivno sudjelovala u me\u0111unarodnim istra\u017eiva\u010dkim i aktivisti\u010dkim mre\u017eama, uklju\u010duju\u0107i TIAN mre\u017eu (Transverzalna mre\u017ea institucionalne analize) i COST Action Toolkit of Care. Njezine nedavne kolaborativne javne inicijative uklju\u010duju <em>Regionalne perspektive o Palestini <\/em>(CAS SEE, 2023.), <em>Vrti\u0107i: Laboratoriji promjena u zajednici<\/em> (Rijeka, 2022) i <em>Cleaning Work Reimagined: Struggles, Maintenance, and the Possibility of Care Justice<\/em> (Valletta, 2024).<\/p>\n\n\n\n<h2>Jasminka Jureti\u0107<\/h2>\n\n\n\n<figure class=\"wp-block-image size-full is-resized\"><img loading=\"lazy\" src=\"https:\/\/czs.uniri.hr\/wp-content\/uploads\/2024\/05\/jasmina-juretic\u0301.png\" alt=\"\" class=\"wp-image-2942\" width=\"483\" height=\"483\"\/><\/figure>\n\n\n\n<p>(Rijeka, 1974.godine), psihologinja, doktorirala unutar znanstvene grane klini\u010dke i zdravstvene psihologije. U radu s ljudima naglasak stavlja na ja\u010danje psiholo\u0161ke otpornosti te ostvarivanje kvalitetnijeg \u017eivota kroz usvajanje razli\u010ditih \u017eivotnih vje\u0161tina. Interes joj je usko vezan i za podru\u010dja ljudske seksualnosti i ljudskih prava te se kontinuirano educira u podru\u010dju LGBTIQ+ tematike, a ujedno je i edukatorica za ta podru\u010dja. \u010clanica je Hrvatskog udru\u017eenja za bihevioralno-kognitivne terapije, Hrvatskog dru\u0161tva za seksualnu terapiju te Hrvatske psiholo\u0161ke komore. Stru\u010dna je suradnica Lezbijske organizacije Rijeka \u201eLORI\u201c i \u010dlanica udruge UZOR Rijeka. Godinama je radila na Odsjeku za psihologiju Filozofskog fakulteta Sveu\u010dili\u0161ta u Rijeci te u Sveu\u010dili\u0161nom savjetovali\u0161nom centru Sveu\u010dili\u0161ta u Rijeci. Sudjelovala je u osnivanju Centra za \u017eenske studije pri Filozofskom fakultetu u Rijeci.<\/p>\n\n\n\n<h2>Brigita Milo\u0161<\/h2>\n\n\n\n<figure class=\"wp-block-image size-full is-resized\"><img loading=\"lazy\" src=\"https:\/\/czs.uniri.hr\/wp-content\/uploads\/2024\/05\/Brigita-Milos\u030c-650x362-1.jpeg\" alt=\"\" class=\"wp-image-2937\" width=\"516\" height=\"516\"\/><\/figure>\n\n\n\n<p>(Rijeka, 1972) zaposlena je kao docentica na Odsjeku za kulturalne studije Filozofskog fakulteta Sveu\u010dili\u0161ta u Rijeci. U svom nastavnom i znanstvenom radu se bavi temama iz podru\u010dja studija roda i feminizma. Tijekom akademske godine 2015\/2016 sudjelovala je u inicijativi za pokretanjem Centra za \u017eenske studije pri Filozofskom fakultetu u Rijeci.<\/p>\n\n\n\n<p><\/p>\n\n\n\n<h2>Julija Perhat<\/h2>\n\n\n\n<figure class=\"wp-block-image size-large is-resized\"><img loading=\"lazy\" src=\"https:\/\/czs.uniri.hr\/wp-content\/uploads\/2025\/09\/Julija-Perhat-1024x819.jpg\" alt=\"\" class=\"wp-image-3320\" width=\"480\" height=\"383\" srcset=\"https:\/\/czs.uniri.hr\/wp-content\/uploads\/2025\/09\/Julija-Perhat-1024x819.jpg 1024w, https:\/\/czs.uniri.hr\/wp-content\/uploads\/2025\/09\/Julija-Perhat-600x480.jpg 600w, https:\/\/czs.uniri.hr\/wp-content\/uploads\/2025\/09\/Julija-Perhat-768x615.jpg 768w, https:\/\/czs.uniri.hr\/wp-content\/uploads\/2025\/09\/Julija-Perhat-1536x1229.jpg 1536w, https:\/\/czs.uniri.hr\/wp-content\/uploads\/2025\/09\/Julija-Perhat-945x756.jpg 945w, https:\/\/czs.uniri.hr\/wp-content\/uploads\/2025\/09\/Julija-Perhat.jpg 1962w\" sizes=\"(max-width: 480px) 100vw, 480px\" \/><\/figure>\n\n\n\n<p>Julija Perhat zavr\u0161ila je diplomski studij engleskog jezika i knji\u017eevnosti te filozofije na Filozofskom fakultetu Sveu\u010dili\u0161ta u Rijeci, \u010dime je stekla akademski naziv magistra edukacije engleskog jezika i knji\u017eevnosti te filozofije. Godine 2025. obranila je doktorski rad pod naslovom <em>The Case of Gender Pejoratives: The Semantic, Ethical and Political Dimension<\/em> te time stekla akademski naziv doktorice znanosti u polju filozofije.<br>Osim nastavnog rada, intenzivno se bavi znanstvenim istra\u017eivanjima iz podru\u010dja filozofije jezika, govora mr\u017enje i pejorativa, a poseban interes iskazuje za istra\u017eivanje rodnih pogrda. Autorica je i koautorica brojnih znanstvenih radova te ud\u017ebenika iz filozofije za gimnazije.<br>Uz akademski i nastavni rad, redovito sudjeluje u javnim raspravama i znanstveno-popularizacijskim projektima, pi\u0161e \u010dlanke i odr\u017eava predavanja o dru\u0161tveno relevantnim temama, osobito o govoru mr\u017enje i slobodi izra\u017eavanja.<\/p>\n\n\n\n<h2>Ivana Tuti\u0107 Grok\u0161a<\/h2>\n\n\n\n<figure class=\"wp-block-image size-large is-resized\"><img src=\"https:\/\/czs.uniri.hr\/wp-content\/uploads\/2024\/10\/Ivana-Tutic\u0301-Gros\u030cka-1-791x1024.jpeg\" alt=\"\" class=\"wp-image-3085\" width=\"488\" srcset=\"https:\/\/czs.uniri.hr\/wp-content\/uploads\/2024\/10\/Ivana-Tutic\u0301-Gros\u030cka-1-791x1024.jpeg 791w, https:\/\/czs.uniri.hr\/wp-content\/uploads\/2024\/10\/Ivana-Tutic\u0301-Gros\u030cka-1-371x480.jpeg 371w, https:\/\/czs.uniri.hr\/wp-content\/uploads\/2024\/10\/Ivana-Tutic\u0301-Gros\u030cka-1-768x994.jpeg 768w, https:\/\/czs.uniri.hr\/wp-content\/uploads\/2024\/10\/Ivana-Tutic\u0301-Gros\u030cka-1-1186x1536.jpeg 1186w, https:\/\/czs.uniri.hr\/wp-content\/uploads\/2024\/10\/Ivana-Tutic\u0301-Gros\u030cka-1-600x777.jpeg 600w, https:\/\/czs.uniri.hr\/wp-content\/uploads\/2024\/10\/Ivana-Tutic\u0301-Gros\u030cka-1-945x1223.jpeg 945w, https:\/\/czs.uniri.hr\/wp-content\/uploads\/2024\/10\/Ivana-Tutic\u0301-Gros\u030cka-1.jpeg 1334w\" sizes=\"(max-width: 791px) 100vw, 791px\" \/><\/figure>\n\n\n\n<p>(Zagreb, 1992) magistra je socijalnog rada i doktorica znanosti u podru\u010dju socijalnih djelatnosti. Doktorirala je 2024. godine na Sveu\u010dili\u0161tu u Zagrebu, Pravnom fakultetu, Studijskom centru socijalnog rada, na temu manjinskog stresa i mentalnog zdravlja transrodnih osoba. Njezin znanstveni interes prvenstveno su dru\u0161tveni polo\u017eaj i dobrobit transrodnih osoba \/ rodnih manjina, polo\u017eaj manjinskih\/ranjivih skupina u zdravstvenom sustavu i op\u0107enito dru\u0161tvu. Od 2016. do 2020. godine radila je kao socijalna radnica u sustavu socijalne skrbi, a od 2020. do 2024. godine kao asistentica (na Katedri za dru\u0161tvene i humanisti\u010dke znanosti u medicini na Medicinskom fakultetu Sveu\u010dili\u0161ta u Rijeci). Pored znanstvenog rada, usmjerena je na stru\u010dni rad u Klubu lije\u010denih alkoholi\u010dara &#8220;Novi \u017eivot&#8221; u Rijeci.<\/p>\n\n\n\n<hr class=\"wp-block-separator has-alpha-channel-opacity\"\/>\n\n\n\n<h1>Vanjske suradnice<\/h1>\n\n\n\n<h2>Ana Ajdukovi\u0107&nbsp;&nbsp;<\/h2>\n\n\n\n<figure class=\"wp-block-image size-full is-resized\"><img loading=\"lazy\" src=\"https:\/\/czs.uniri.hr\/wp-content\/uploads\/2024\/05\/me-480x480-1.jpeg\" alt=\"\" class=\"wp-image-2945\" width=\"482\" height=\"482\"\/><\/figure>\n\n\n\n<p>(Pula, 1991) magistrirala je 2016. godine na Odsjeku za kulturalne studije, smjer Mediologija i popularna kultura. Radila kao administratorica Centra za \u017eenske studije pri Filozofskom fakultetu u Rijeci i stru\u010dna suradnica. Od 2107. godine vanjska je suradnica na projektu Europska prijestolnica kulture-programska linija \u201cKampus 27 Susjedstva\u201d te je \u010dlanica Izv\u0161nog odobra KKT-a. Zaposlena je u Lezbijskoj organizaciji LORI. Zanima se za podru\u010dje feminizma i aktivizma. Jedna je od voditeljica i organizatorica projekta programa Kino u\u010dionica.<\/p>\n\n\n\n<h2>Jana A\u017ei\u0107<\/h2>\n\n\n\n<figure class=\"wp-block-image size-full is-resized\"><img loading=\"lazy\" src=\"https:\/\/czs.uniri.hr\/wp-content\/uploads\/2024\/05\/jana-360x480-1.jpeg\" alt=\"\" class=\"wp-image-2941\" width=\"477\" height=\"477\"\/><\/figure>\n\n\n\n<p>(Rijeka, 1988) diplomirana je kulturologinja. Akademske godine 2011\/2012. zavr\u0161ava obrazovni program Centra za \u017eenske studije u Zagrebu. Do 2017. godine zaposlena na Sveu\u010dili\u0161tu u Rijeci gdje uz rad na ostalim projektima u kulturi i cjelo\u017eivotnom obrazovanju organizira feministi\u010dke radionice u sklopu projekta \u201eVrijednosti zajednice iz perspektive dru\u0161tveno humanisti\u010dkih znanosti\u201c. Aktivno sudjeluje u programu Kino u\u010dionica i ostalim programima Centra. Ima poneki objavljen rad feministi\u010dkog sadr\u017eaja, dramatizira i kriti\u010dki propituje.<\/p>\n\n\n\n<h2><\/h2>\n\n\n\n<p><\/p>\n\n\n\n<h2>Greta Grakali\u0107 Ra\u010dki&nbsp;<\/h2>\n\n\n\n<figure class=\"wp-block-image size-full is-resized\"><img loading=\"lazy\" src=\"https:\/\/czs.uniri.hr\/wp-content\/uploads\/2024\/05\/Greta-Grakalic\u0301-Rac\u030cki-2-360x480-1.jpeg\" alt=\"\" class=\"wp-image-2939\" width=\"482\" height=\"482\"\/><\/figure>\n\n\n\n<p>(Zagreb, 1990) diplomirana je teologinja i kulturologinja, \u017eivi i stvara u Rijeci, strastvena je borkinja protiv upadanja u rije\u010d te zagovornica \u017eenske solidarnosti. Bila je vanjska suradnica Zareza pi\u0161u\u0107i o novim tehnologijama, Bogu i kiborzima. Ima bogato dramsko iskustvo \u0161to obilato koristi u svakodnevnom \u017eivotu. Radila je kao stru\u010dna suradnica Centra za \u017eenske studije pri Filozofskom fakultetu u Rijeci i jedna od organizatorica programa Kino u\u010dionica. Trenutno je zaposlena u SOS Rijeka \u2013 Centru za nenasilje i ljudska prava.<\/p>\n\n\n\n<h2>Marija Katalini\u0107&nbsp;<\/h2>\n\n\n\n<figure class=\"wp-block-image size-full is-resized\"><img loading=\"lazy\" src=\"https:\/\/czs.uniri.hr\/wp-content\/uploads\/2024\/05\/marija-katalinic\u0301-320x480-1.jpeg\" alt=\"\" class=\"wp-image-2944\" width=\"482\" height=\"482\"\/><\/figure>\n\n\n\n<p>doktorandica je na Sveu\u010dili\u0161tu Humboldt, Institutu za kulturolo\u0161ka istra\u017eivanja u Berlinu. Njena polja interesa obuhva\u0107aju interdsciplinarne tematike vizualne kulture i medija s posebnim fokusom na film, politiku sje\u0107anja te rodnu politiku. U zadnjih nekoliko godina kurirala je i organizirala filmske programe te je od 2016. godine ko-direktorica Internacionalne asocijacije vizualne kulture (IAVC) zajedno s kolegicom Sarom Blaylock (Sveu\u010dili\u0161te u Minnesoti, SAD).<\/p>\n","protected":false},"excerpt":{"rendered":"<p>\u010clanice Jelena Androi\u0107 (1981), diplomirana novinarka i sveu\u010dili\u0161na specijalistkinja Europskih studija, dugogodi\u0161nja je radnica u kulturi (javni, privatni i civilni sektor) na poslovima promocije, produkcije i organizacije. Tijekom 20-godi\u0161nje karijere, radila je kao novinarka, urednica \u010dasopisa i publikacija, istra\u017eiva\u010dica kulturnih&#8230; <a class=\"more-link\" href=\"https:\/\/czs.uniri.hr\/?page_id=2918\">Nastavi \u010ditati &rarr;<\/a><\/p>\n","protected":false},"author":2,"featured_media":0,"parent":2,"menu_order":0,"comment_status":"closed","ping_status":"closed","template":"","meta":[],"_links":{"self":[{"href":"https:\/\/czs.uniri.hr\/index.php?rest_route=\/wp\/v2\/pages\/2918"}],"collection":[{"href":"https:\/\/czs.uniri.hr\/index.php?rest_route=\/wp\/v2\/pages"}],"about":[{"href":"https:\/\/czs.uniri.hr\/index.php?rest_route=\/wp\/v2\/types\/page"}],"author":[{"embeddable":true,"href":"https:\/\/czs.uniri.hr\/index.php?rest_route=\/wp\/v2\/users\/2"}],"replies":[{"embeddable":true,"href":"https:\/\/czs.uniri.hr\/index.php?rest_route=%2Fwp%2Fv2%2Fcomments&post=2918"}],"version-history":[{"count":20,"href":"https:\/\/czs.uniri.hr\/index.php?rest_route=\/wp\/v2\/pages\/2918\/revisions"}],"predecessor-version":[{"id":3461,"href":"https:\/\/czs.uniri.hr\/index.php?rest_route=\/wp\/v2\/pages\/2918\/revisions\/3461"}],"up":[{"embeddable":true,"href":"https:\/\/czs.uniri.hr\/index.php?rest_route=\/wp\/v2\/pages\/2"}],"wp:attachment":[{"href":"https:\/\/czs.uniri.hr\/index.php?rest_route=%2Fwp%2Fv2%2Fmedia&parent=2918"}],"curies":[{"name":"wp","href":"https:\/\/api.w.org\/{rel}","templated":true}]}}